and v?
1
Suppose -t + 7233 = 4*z, -18*z = -4*t - 22*z + 29004. What is the highest common divisor of t and 246?
123
Suppose 3*h + 350 = 3*y + 38, 2*y = -3*h + 193. What is the highest common divisor of 1 and y?
1
Suppose -4*q + 16 = -92. Let f(c) = 10*c**3 - c**2 - 1. Let t be f(2). Let v be 8 + -4 + t - -2. Calculate the greatest common divisor of v and q.
27
Let g be (29184/30 - 3 - 4) + (-6)/(-30). What is the greatest common factor of 126 and g?
42
Suppose 4*l - 2*q = 27766, -24*l + 27772 = -20*l + 4*q. What is the highest common factor of 39 and l?
39
Suppose -2*w + 1 = -3. Let z = 6647 + -6645. Suppose x + l - 13 = 0, x + w*x + z*l - 44 = 0. Calculate the greatest common factor of 126 and x.
18
Let o = -17 + 17. Suppose -4*v + 48 = -o*v. Suppose 3*l - 3*y = 171, 203*l + 4*y + 48 = 204*l. What is the highest common divisor of l and v?
12
Suppose 0 = -5*i + 148 + 167. Suppose -3*x + 171 = i. What is the greatest common divisor of x and 684?
36
Let f = -13092 + 13416. What is the greatest common factor of f and 864?
108
Let d(t) = -53*t + 2498. Let x be d(31). What is the highest common factor of 18 and x?
9
Let z(l) = 37*l + 3. Let p = 3 + -2. Let h be z(p). Let x be (80/(-8))/(-2 + 1). Calculate the highest common divisor of x and h.
10
Suppose 5044 = 14*p - 11336. Suppose -27*x + 22*x = -p. What is the highest common factor of 26 and x?
26
Let j(y) = -y**2 + 29*y - 125. Let s be j(5). Let b be s*(-20)/(-150) - 40/(-6). What is the greatest common divisor of b and 588?
6
Suppose 149*b + 6700 = -116*b + 80635. What is the highest common divisor of b and 42?
3
Suppose 88 = -7*y + 15*y. Suppose -y*p + 22*p - 176 = 0. What is the greatest common factor of 48 and p?
16
Let k(h) = -h**3 + 61*h**2 + 98*h - 2220. Let t be k(62). What is the highest common factor of t and 26316?
12
Suppose 0 = -5*g - c + 8815, 2*g - 2*c + 24 - 3562 = 0. Calculate the highest common factor of g and 4032.
252
Let d = 13153 + -7428. Calculate the highest common factor of 25 and d.
25
Let v(i) = 17*i - 186. Let t be v(15). Suppose -4 = 2*m - 4*s, -4*m + 5 = -3*s - 2. Let w be 687/15 + m/20. What is the highest common divisor of t and w?
23
Let o(i) = 33*i - 19. Suppose 31*d = 34*d - 75. Suppose 5*g + 2*w = 4*w + d, -5*w = -g + 28. Let r be o(g). What is the highest common divisor of 16 and r?
16
Suppose -8*u = -2*u + 270. Let o = -40 - u. Suppose -o*m = -0*m - 50. What is the greatest common divisor of 4 and m?
2
Suppose v - 193 = -a + 298, a - 3*v - 471 = 0. Calculate the greatest common factor of 594 and a.
54
Suppose 4*k - 2*f = 1318, -334 = 2*k - 3*k - 4*f. Suppose 36*n = 35*n + 132. What is the greatest common divisor of n and k?
66
Let w = 670 - 43. Suppose -13*p + 10*p + 171 = 0. What is the highest common factor of p and w?
57
Let y = 205 + -205. Suppose 10*v + 104 = 12*v - 4*q, y = 5*v + 4*q - 288. Calculate the highest common factor of 64 and v.
8
Let c be -3 - (-10 + 5) - 954*-2. What is the greatest common factor of 20 and c?
10
Suppose 4*o + 5948 - 18574 = -2*i, 2*i - 12626 = 4*o. What is the highest common factor of 214 and i?
107
Suppose 50*s - 1365 = 15*s. Let y be (-104)/s*(-30)/8*41. Calculate the greatest common divisor of 82 and y.
82
Let m(f) = -2*f**2 + 44*f - 30. Let j be m(21). Calculate the highest common factor of j and 123.
3
Suppose 258*m = 255*m + 12, 5*d = 2*m + 392. Calculate the highest common factor of d and 2040.
40
Suppose -365 = -x - 320. Suppose -4*o - 5 = -17. Let b = o - -2. Calculate the greatest common factor of b and x.
5
Suppose 0 = -5*w + 7*w + 24. Let n be 12/14*1*(-112)/w. Let i be -2 - 8/(-2) - (-70)/1. Calculate the highest common factor of i and n.
8
Let v be (-1260)/28*(1 - (-148)/(-10)). Let i = v + -424. Let n = 109 + i. What is the greatest common divisor of n and 34?
34
Let b be (0/(-41) + (-65)/(-2))*70. What is the greatest common factor of b and 195?
65
Suppose -2*w - 3*t = -7*t - 242, -20 = 4*t. Suppose -121*g = -118*g - w. Calculate the greatest common factor of g and 37.
37
Let z(u) = u**3 - 11 - 161*u - 162*u + 326*u + 7*u**2. Let r be z(-5). Calculate the greatest common factor of 552 and r.
24
Let q(i) = 146*i**3 + 2*i**2 - 2. Let h be q(1). Let a = -112 + h. What is the greatest common factor of a and 204?
34
Suppose -12*w + 12651 + 3209 = 8*w. Calculate the highest common divisor of 4 and w.
1
Let d = 105 - 93. Let h be 60/(-5)*((-39)/d - 0). Calculate the highest common factor of h and 13.
13
Let g be ((-1)/(-30)*4 - (-2294)/(-555))*-50. What is the highest common divisor of 725 and g?
25
Let g = 3700 - 3692. Calculate the highest common factor of 470 and g.
2
Let x(i) = -i**3 + 21*i**2 - 38*i + 3. Let n be x(19). Let o be (-2)/(-8) + (-44)/(-16). Calculate the greatest common divisor of o and n.
3
Suppose -20*r + 9*r = 48*r - 885. Let n(f) be the third derivative of -f**4/6 + f**3/2 + 2*f**2. Let x be n(-3). What is the greatest common factor of r and x?
15
Let s(k) be the second derivative of 19*k**4/6 + k**3/3 - k**2 + 4*k. Let q be s(1). Let y = -130 - -149. What is the highest common factor of q and y?
19
Suppose 3*o = -14*o + 68. Let c be 116/10 - (-9)/(-15). Suppose 5*r + 4*y = 19, -5*y = -o*r - 4 + c. Calculate the highest common factor of r and 12.
3
Let p be (14/56 - -8)*40. What is the highest common divisor of 50 and p?
10
Let w be (-2 - 35)/(1/(-4)). Suppose r = -4*s, -36*s + 37*s = -1. What is the greatest common divisor of w and r?
4
Let o = -5176 + 5320. What is the greatest common divisor of 27 and o?
9
Let n(v) = 5*v + 18. Let f be ((-6)/4)/(27/(-132))*3. Let p be n(f). Suppose 4*w - 40 = p. Calculate the highest common factor of 6 and w.
6
Let h(q) = -26*q + 1830. Let y be h(63). What is the highest common divisor of y and 168?
24
Suppose 572*f = 5*n + 573*f - 139, -131 = -5*n + f. What is the highest common divisor of 9 and n?
9
Suppose 2*z = 3*m - 3114 + 30171, -z + 13524 = -3*m. Calculate the highest common factor of 39 and z.
39
Let o(a) = -a + 34. Let n be o(0). Let j = n - 30. Suppose -338 = -j*h + 2*b, b + 165 = 2*h + 4*b. What is the highest common divisor of h and 12?
12
Let n(v) = 7 - 3*v**3 - 8 + 5*v**3. Let d be n(2). Suppose -5*i + 65 = -0*l + 4*l, -3*i - d = -3*l. What is the highest common factor of l and 40?
10
Suppose 154*t + 15*t - 343200 = 4*t. What is the greatest common divisor of 1170 and t?
130
Suppose -3*h + 15 = -4*x + 2, -2*h = -6. Let m be (20/56 + x/(-2))*7. Let t be 25/2 + (12/8)/(-3). Calculate the greatest common factor of m and t.
6
Let z be 8/((-40)/(-15)) - 193. Let u = 214 + z. Calculate the greatest common factor of 18 and u.
6
Suppose -u = -3*f - 22, 2*f + 182 = -3*u + 215. Let s(n) = -n**3 - 6*n**2 - 10*n - 2. Let m be s(-7). Calculate the highest common divisor of u and m.
13
Let g(a) = 227*a**3 + 7*a**2 - 9*a - 1. Let r be g(1). Let m be (1/2 - 1)*-28. What is the greatest common factor of m and r?
14
Let i = 29578 + -28894. What is the greatest common divisor of i and 72?
36
Let m(z) = 84*z - 48. Let s(r) = -55*r + 32. Let b(g) = 5*m(g) + 8*s(g). Let v be b(-4). What is the greatest common factor of v and 128?
32
Let g = -430 - -443. Suppose -2*b + g*b = 198. Calculate the greatest common factor of 27 and b.
9
Let t be (12/672*8)/(1/7) - -183. Suppose -37*h + 184 = -33*h. Calculate the greatest common factor of t and h.
46
Let i(o) = o**2 + 20*o - 17. Let k(h) = h**2 + 13*h - 11. Let a(f) = -5*i(f) + 7*k(f). Let q be a(7). Calculate the highest common factor of q and 344.
43
Let c(i) = 2*i + 54. Let g be c(21). Let b(k) = k**3 + 15*k**2 + 23*k - 7. Let z be b(-13). What is the greatest common factor of g and z?
32
Let f = -373 + 250. Let q(j) = 5*j**2 + 8*j - 37. Let h be q(5). Let w = h + f. What is the highest common divisor of 35 and w?
5
Let y be (1024/48 + -20)*(-9294)/(-4). Calculate the greatest common factor of 2 and y.
2
Suppose 21683 = 186*j - 56441 - 57284. Let m be 141/5 - (-12)/(-60). Calculate the highest common factor of m and j.
28
Let t = -475 - -760. Let d(j) = j**3 + 10*j**2 - 34*j + 71. Let k be d(-13). Calculate the greatest common factor of k and t.
3
Suppose 1238 + 662 = 19*m. Calculate the highest common divisor of m and 280.
20
Suppose -4*g - 5*k = -6*k - 91, -2*k + 130 = 5*g. Suppose h = -2*h + 36. Calculate the g